6381743285?
8
What is the ten thousands digit of 112208143?
0
What is the units digit of 175991204?
4
What is the hundreds digit of 32734597?
5
What is the millions digit of 46137132?
6
What is the ten thousands digit of 107523356?
2
What is the ten millions digit of 31001829?
3
What is the millions digit of 40634311?
0
What is the ten thousands digit of 141047727?
4
What is the hundred millions digit of 169665219?
1
What is the units digit of 114896411?
1
What is the tens digit of 830534571?
7
What is the hundreds digit of 22193544?
5
What is the ten thousands digit of 103575049?
7
What is the tens digit of 119926825?
2
What is the hundreds digit of 472806267?
2
What is the hundreds digit of 36835043?
0
What is the hundred millions digit of 1605987546?
6
What is the thousands digit of 80167541?
7
What is the thousands digit of 383227611?
7
What is the hundred millions digit of 228757805?
2
What is the units digit of 1293723254?
4
What is the ten millions digit of 67862385?
6
What is the units digit of 315039582?
2
What is the ten millions digit of 74587253?
7
What is the units digit of 1894304220?
0
What is the units digit of 9536640?
0
What is the thousands digit of 623316606?
6
What is the hundred thousands digit of 467788130?
7
What is the hundreds digit of 770244797?
7
What is the ten millions digit of 274878779?
7
What is the ten thousands digit of 95368724?
6
What is the units digit of 1707194971?
1
What is the ten thousands digit of 5708511673?
1
What is the hundreds digit of 198072971?
9
What is the tens digit of 25740947?
4
What is the tens digit of 1312183982?
8
What is the units digit of 1563541001?
1
What is the units digit of 29309822?
2
What is the thousands digit of 2458453027?
3
What is the millions digit of 19454588?
9
What is the millions digit of 203656436?
3
What is the millions digit of 2228252156?
8
What is the hundreds digit of 18618229?
2
What is the ten thousands digit of 845276555?
7
What is the tens digit of 5025360336?
3
What is the hundred thousands digit of 1915107258?
1
What is the hundred thousands digit of 182131389?
1
What is the ten millions digit of 1216547521?
1
What is the thousands digit of 15141219?
1
What is the billions digit of 2335765583?
2
What is the units digit of 21641367?
7
What is the billions digit of 1604866635?
1
What is the hundred thousands digit of 255577317?
5
What is the millions digit of 171204809?
1
What is the millions digit of 1130087359?
0
What is the ten thousands digit of 212390038?
9
What is the ten thousands digit of 426495549?
9
What is the ten thousands digit of 10673845?
7
What is the millions digit of 83430461?
3
What is the tens digit of 16082152?
5
What is the millions digit of 33379481?
3
What is the thousands digit of 3333024865?
4
What is the tens digit of 29082395?
9
What is the thousands digit of 2063236?
3
What is the tens digit of 305318532?
3
What is the thousands digit of 90575424?
5
What is the hundred thousands digit of 369854127?
8
What is the hundreds digit of 14148968?
9
What is the units digit of 5536965394?
4
What is the hundred millions digit of 866553978?
8
What is the tens digit of 148785676?
7
What is the billions digit of 3971795903?
3
What is the tens digit of 77570310?
1
What is the hundred millions digit of 1456229119?
4
What is the tens digit of 175488729?
2
What is the hundred thousands digit of 84468700?
4
What is the billions digit of 1200082634?
1
What is the ten millions digit of 1716359713?
1
What is the millions digit of 2132698324?
2
What is the thousands digit of 44256062?
6
What is the units digit of 2655503615?
5
What is the ten millions digit of 3343459061?
4
What is the hundreds digit of 221686800?
8
What is the ten millions digit of 519809691?
1
What is the tens digit of 231928989?
8
What is the thousands digit of 114341621?
1
What is the hundred millions digit of 578212080?
5
What is the millions digit of 1357154170?
7
What is the hundreds digit of 323033364?
3
What is the hundreds digit of 2132647017?
0
What is the hundreds digit of 69449132?
1
What is the hundreds digit of 292231358?
3
What is the ten thousands digit of 538797772?
9
What is the ten millions digit of 709795754?
0
What is the hundred millions digit of 836258410?
8
What is the units digit of 174871878?
8
What is the hundreds digit of 248057583?
5
What is the ten millions digit of 74327548?
7
What is the hundred millions digit of 1522321528?
5
What is the millions digit of 286531538?
6
What is the hundred thousands digit of 116252373?
2
What is the billions digit of 2299196253?
2
What is the hundred millions digit of 430168305?
4
What is the tens digit of 235226940?
4
What is the ten millions digit of 3976909609?
7
What is the ten millions digit of 5830073569?
3
What is the tens digit of 242248013?
1
What is the ten thousands digit of 49304527?
0
What is the hundreds digit of 261965058?
0
What is the ten thousands digit of 304688784?
8
What is the ten thousands digit of 27119536?
1
What is the ten millions digit of 3537267621?
3
What is the millions digit of 342576351?
2
What is the hundred thousands digit of 96574981?
5
What is the ten thousands digit of 7500788?
0
What is the units digit of 112241081?
1
What is the ten millions digit of 660930713?
6
What is the thousands digit of 415449157?
9
What is the billions digit of 3369912063?
3
What is the millions digit of 31137735?
1
What is the ten thousands digit of 534095849?
9
What is the ten millions digit of 38328888?
3
What is the thousands digit of 1136104995?
4
What is the hundred millions digit of 388823202?
3
What is the thousands digit of 3854359622?
9
What is the hundreds digit of 131736967?
9
What is the ten millions digit of 337672835?
3
What is the hundred thousands digit of 222686315?
6
What is the hundred thousands digit of 44734923?
7
What is the thousands digit of 1284475692?
5
What is the hundreds digit of 3815471422?
4
What is the thousands digit of 35349715?
9
What is the hundred thousands digit of 44694733?
6
What is the millions digit of 2504283490?
4
What is the hundreds digit of 736489344?
3
What is the hundred millions digit of 776160942?
7
What is the thousands digit of 8042055734?
5
What is the ten millions digit of 66707275?
6
What is the tens digit of 101406299?
9
What is the hundred millions digit of 139225658?
1
What is the ten millions digit of 19842517?
1
What is the millions digit of 119545939?
9
What is the tens digit of 114074?
7
What is the hundreds digit of 18754164?
1
What is the millions digit of 381673603?
1
What is the ten millions digit of 1106683644?
0
What is the ten millions digit of 2229111635?
2
What is the hundred thousands digit of 4557942?
5
What is the thousands digit of 6562714?
2
What is the ten millions digit of 127144862?
2
What is the thousands digit of 13183924?
3
What is the hundred millions digit of 3677026714?
6
What is the units digit of 633653017?
7
What is the ten thousands digit of 15342513?
4
What is the tens digit of 7694461343?
4
What is the thousands digit of 821280049?
0
What is the tens digit of 46856108?
0
What is the thousands digit of 5179827263?
7
What is the ten millions digit of 359250109?
5
What is the units digit of 71834510?
0
What is the ten thousands digit of 21164183?
6
What is the hundreds digit of 81178334?
3
What is the ten millions digit of 525708836?
2
What is the millions digit of 288140006?
8
What is the millions digit of 208165651?
8
What is the units digit of 319336461?
1
What is the hundred thousands digit of 4628701?
6
What is the thousands digit of 14209643?
9
What is the hundred millions digit of 122990555?
1
What is the ten thousands digit of 70661987?
6
What is the hundred thousands digit of 862866220?
8
What is the units digit of 3579828704?
4
What is the units digit of 3105396733?
3
What is the thousands digit of 51586137?
6
What is the hundred millions digit of 302126919?
3
What is the thousands digit of 494859124?
9
What is the hundred thousands digit of 173844500?
8
What is the thousands digit of 628157989?
7
What is the ten thousands digit of 36329027?
2
What is the hundreds digit of 19844061?
0
What is the units digit of 31195246?
6
What is the hundred millions digit of 2078529465?
0
What is the tens digit of 3